= -2*y**2 + 12*y + 79. Calculate t(-19).
-871
Let x(h) = -100*h - 4723. Give x(-48).
77
Let d(r) = -11036*r - 110356. Determine d(-10).
4
Let x(w) = -10*w**2 + 160*w - 305. Determine x(2).
-25
Let s(v) = v**2 - 331*v + 13772. What is s(49)?
-46
Let q(v) = -3*v**2 - 79*v - 149. Determine q(-2).
-3
Let w(p) = -8*p**3 + 223*p**2 + 10*p + 108. What is w(28)?
-396
Let o(r) = -2035*r - 14264. Calculate o(-7).
-19
Let q(b) = 111*b + 1785. What is q(-16)?
9
Let s(q) = 37*q**3 - 18*q**2 + 24*q - 5. Calculate s(1).
38
Let y(m) = -m**2 - 336*m + 6392. Calculate y(18).
20
Let f(x) = -x**3 + 26*x**2 + 13*x - 316. Calculate f(26).
22
Let t(h) = 2*h**3 + 19*h**2 - 66*h - 10. Give t(3).
17
Let j(q) = 11*q - 61. Calculate j(5).
-6
Let m(p) = -p**2 - 286*p - 3543. Give m(-13).
6
Let r(n) = -10197*n + 112164. Calculate r(11).
-3
Let i(a) = 69*a + 999. Give i(-14).
33
Let o(y) = -10*y + 653. Determine o(64).
13
Let n(d) = -188*d + 4925. Calculate n(26).
37
Let a(o) = 2*o**2 - 76*o + 46. Determine a(37).
-28
Let a(v) = v**3 - 16*v**2 + 62*v - 8. What is a(9)?
-17
Let c(y) = -2*y**2 - y + 110. What is c(-15)?
-325
Let p(d) = -9*d**3 + 56*d**2 + 368*d + 8. What is p(-4)?
8
Let b(d) = 4*d**3 + 17*d**2 + 8*d + 1. Give b(-4).
-15
Let r(n) = -34*n**3 - 7*n**2 - 18*n - 11. What is r(-1)?
34
Let r(u) = -u**3 - 14*u**2 - 55*u - 4. What is r(-11)?
238
Let a(v) = 199*v**2 - 131*v - 9. Calculate a(1).
59
Let i(l) = -l**3 + 4*l**2 - 2*l + 74. What is i(6)?
-10
Let g(a) = 39*a - 532. Calculate g(12).
-64
Let y(u) = -366*u - 2440. Calculate y(-7).
122
Let c(u) = 24*u**2 - 1051*u - 227. Give c(44).
-7
Let k(l) = -161*l + 653. Determine k(4).
9
Let w(c) = 60*c - 415. Give w(6).
-55
Let l(y) = -34*y**3 - 12*y - 13. Give l(-1).
33
Let u(h) = h**3 - 209*h**2 + 4112*h + 370. Calculate u(187).
-4
Let s(o) = 4*o**2 + 23*o + 3. Give s(-5).
-12
Let o(j) = -41*j**2 + 199*j + 291. Determine o(6).
9
Let n(z) = 6*z**3 + 21*z**2 - 3*z - 54. Give n(-3).
-18
Let f(j) = j**3 - 26*j**2 - j + 84. Give f(26).
58
Let l(q) = -45*q + 650. Determine l(14).
20
Let y(k) = 3*k**3 - 45*k**2 + 47*k - 25. Give y(13).
-428
Let r(c) = 30*c**2 + 208*c - 10. Calculate r(-7).
4
Let t(q) = 67*q - 841. Give t(12).
-37
Let j(v) = -v**2 - 55*v + 219. Calculate j(4).
-17
Let m(r) = -r**2 - 13*r + 261. Determine m(-20).
121
Let k(g) = -140*g - 10934. Give k(-78).
-14
Let a(z) = -2*z**3 + 55*z**2 - 125*z - 93. What is a(25)?
-93
Let d(o) = o**3 + 194*o**2 + 573*o - 7. Determine d(-3).
-7
Let v(c) = 11*c**2 - 21*c + 68. Give v(4).
160
Let d(u) = -u**3 + 18*u**2 + 26*u - 132. Calculate d(20).
-412
Let l(i) = -i**3 - 13*i**2 - 3*i + 28. Give l(-9).
-269
Let j(d) = d**3 - 8*d**2 - 4*d + 24. Calculate j(8).
-8
Let y(c) = -168*c - 313. Calculate y(-2).
23
Let r(i) = 41*i + 439. Give r(-11).
-12
Let p(n) = -8*n**2 + 4*n + 20. Give p(2).
-4
Let z(o) = o**3 - 227*o - 52. Calculate z(-15).
-22
Let t(w) = -1508*w + 1518. Determine t(1).
10
Let o(c) = -3*c**2 - 31*c - 33. What is o(-12)?
-93
Let h(j) = -53*j + 45. Determine h(3).
-114
Let b(z) = z**3 + 22*z**2 - 91*z - 392. Determine b(-25).
8
Let g(a) = a**2 + 375*a - 6639. Give g(17).
25
Let n(g) = g**3 - 17*g**2 + 34*g + 282. Give n(13).
48
Let v(b) = b**3 + 128*b**2 - 75*b - 9594. What is v(-128)?
6
Let x(z) = z**2 + 23*z + 136. Calculate x(-11).
4
Let x(l) = l**2 - 29*l + 125. What is x(8)?
-43
Let d(m) = -25*m + 322. Calculate d(22).
-228
Let z(a) = a**3 + 56*a**2 + 104. Give z(-56).
104
Let y(g) = -15*g + 333. What is y(23)?
-12
Let g(u) = -2*u**2 - 48*u - 301. Give g(-13).
-15
Let s(l) = -18*l + 662. Calculate s(13).
428
Let f(c) = -7*c**2 + 231*c + 12. Calculate f(32).
236
Let y(d) = 3*d**2 + 258*d + 849. Give y(-82).
-135
Let o(q) = -q**3 - 96*q**2 - 186*q + 235. Determine o(-94).
47
Let x(p) = -226*p + 2020. What is x(9)?
-14
Let g(t) = -t**3 + 4*t**2 + 70*t - 101. What is g(10)?
-1
Let l(z) = -37*z + 54. What is l(5)?
-131
Let o(s) = -s**3 + 271*s + 1238. Give o(-5).
8
Let k(d) = 2*d**2 + 46*d - 1258. Give k(-37).
-222
Let z(g) = g**3 - 13*g**2 + 30*g + 73. Give z(8).
-7
Let w(u) = -12*u - 67. Calculate w(-17).
137
Let s(g) = -129*g + 500. Give s(4).
-16
Let u(t) = -24*t**2 - 110*t + 110. Give u(1).
-24
Let l(q) = q**3 + 7*q**2 + 798*q + 6435. Calculate l(-8).
-13
Let p(l) = 302*l - 95. Calculate p(-1).
-397
Let l(b) = -b**3 + 4*b**2 + 140*b + 6. Determine l(14).
6
Let c(g) = 16*g**3 + 76*g**2 - 68*g - 9. Give c(1).
15
Let r(l) = 3*l**3 + 9*l**2 - 10*l - 11. Give r(-6).
-275
Let f(v) = 6*v**3 + 169*v**2 + 32*v + 113. What is f(-28)?
1
Let d(b) = -b**3 + 16*b**2 + 8*b - 139. Determine d(16).
-11
Let b(h) = -183*h + 1285. What is b(7)?
4
Let b(q) = -9*q**3 - 5*q**2 + 9*q - 16. Calculate b(3).
-277
Let k(f) = f - 263. Calculate k(-70).
-333
Let s(g) = 11*g**2 + 162*g + 107. Calculate s(-14).
-5
Let v(x) = 51*x - 215. What is v(0)?
-215
Let y(z) = -17*z + 10. Determine y(2).
-24
Let p(j) = 532*j - 2654. Determine p(5).
6
Let u(a) = -9*a**2 - 25*a + 11. Calculate u(-6).
-163
Let v(m) = 901*m + 53. Give v(0).
53
Let h(i) = 4*i**2 + 42*i - 200. Calculate h(-14).
-4
Let s(g) = -10*g**2 + 41*g - 14. What is s(8)?
-326
Let x(g) = g**2 + 18*g - 501. Give x(16).
43
Let d(i) = 5*i**2 - 100*i - 244. Determine d(22).
-24
Let g(b) = -2*b**2 - 58*b + 2259. Give g(-51).
15
Let o(g) = -68*g - 6. Calculate o(3).
-210
Let a(s) = 73*s - 274. What is a(4)?
18
Let m(l) = -3070*l - 9211. Give m(-3).
-1
Let i(c) = -106*c + 239. Calculate i(2).
27
Let j(h) = -h**2 - 28*h - 101. Determine j(-24).
-5
Let p(d) = 7*d**2 + 440*d - 43. What is p(-62)?
-415
Let f(n) = -2*n**3 + 48*n**2 + 43*n + 136. Give f(25).
-39
Let y(d) = -2*d**2 - 187*d + 1467. Calculate y(-101).
-48
Let g(a) = 2*a**2 - 9*a - 4. Calculate g(8).
52
Let n(c) = -2*c**2 - 170*c - 724. Determine n(-80).
76
Let g(x) = x**3 - 35*x**2 - 35*x - 170. Give g(36).
-134
Let s(y) = y**3 - 153*y**2 + 2192*y - 5. What is s(137)?
-5
Let o(j) = -517*j + 5. What is o(1)?
-512
Let p(n) = -43*n - 37. Calculate p(1).
-80
Let p(l) = 1157*l - 120329. What is p(104)?
-1
Let v(s) = -16*s + 187. Give v(-34).
731
Let z(r) = r**2 + 6*r - 63. Determine z(4).
-23
Let x(p) = -p**3 - 14*p**2 - 34*p - 84. Calculate x(-13).
189
Let g(r) = 39*r**2 - 443*r + 526. Give g(10).
-4
Let q(w) = -2*w**2 + 115*w + 31765. Determine q(158).
7
Let q(c) = -89*c + 4636. Determine q(52).
8
Let q(s) = -132*s + 2352. What is q(18)?
-24
Let t(w) = -w - 40. Determine t(32).
-72
Let w(c) = -398*c + 2779. What is w(7)?
-7
Let p(n) = 14*n**2 + 56*n - 4. Calculate p(-4).
-4
Let n(m) = -6*m + 7. Determine n(9).
-47
Let b(l) = -19*l**2 - 11*l + 12. Determine b(-5).
-408
Let q(h) = 2308*h + 23084. Determine q(-10).
4
Let c(p) = -288*p - 202. What is c(-2)?
374
Let g(b) = -2*b**2 - 49*b + 359. Determine g(6).
-7
Let h(i) = -i**2 - 36*i + 5. Determine h(-36).
5
Let j(a) = 5*a**2 + 235*a + 3. What is j(-47)?
3
Let k(z) = -935*z - 927. Determine k(-1).
8
Let q(j) = 7*j + 20. What is q(10)?
90
Let r(w) = w**3 - 42*w**2 + 36*w + 197. Determine r(41).
-8
Let f(n) = -6*n**3 - 192*n**2 + 2*n + 69. Determine f(-32).
5
Let x(o) = -o**3 - 62*o**2 - 63*o - 103. Give x(-61).
19
Let s(p) = p**2 - 46*p + 515. Give s(19).
2
Let q(p) = -3*p**3 - 25*p**2 + 6*p - 103. Give q(-9).
5
Let v(i) = -1191*i + 7141. Give v(6).
-5
Let q(y) = -2*y - 175. What is q(-10)?
-155
Let t(h) = -h**2 - 14*h + 65. Calculate t(6).
-55
Let l(z) = -3151*z + 6318. Calculate l(2).
16
Let v(j) = 55*j - 1047. Determine v(19).
-2
Let z(j) = 34*j - 116. Calculate z(3).
-14
Let i(t) = 24*t**2 + 215*t - 1669. Give i(5).
6
Let j(g) = g**3 + 7*g**2 - 12*g + 15. What is j(-7)?
99
Let q(t) = -t**2 - 35*t + 14. What is q(-20)?
314
Let o(t) = 14*t - 221. Give o(11).
-67
Let t(v) = 158*v - 30187. Determine t(191).
-9
Let d(f) = 1378*f + 439581. Give d(-319).
-1
Let u(t) = -t**3 - 18*t**2 - 4*t - 467. What is u(-19)?
-30
Let m(v) = 175*v - 963. Give m(6).
87
Let w(m) = -5*m**2 + 17*m - 36. What is w(6)?
-114
Let d(f) = 20*f - 3705. Calculate d(183).
-45
Let f(v) = -215*v + 6875. What is f(32)?
-5
Let p(b) = -b**3 + b**2 + 759*b + 75. Give p(-27).
-6
Let k(r) = -r**3 + r**2 + 75*r - 241. Calculate k(7).
-10
Let g(h) = 5*h**2 + 30*h - 131. Give g(4).
69
Let k(t) = 120*t**2 + 10*t. Determine k(1).
130
Let m(r) = 227*r + 1618. Give m(-7).
29
Let s(j)